*u = m - o, 3*m + 17 + 7 = 3*u. What are the prime factors of a(m)?
3, 11
Let n = 512 - 278. Suppose -5*x + n = -256. List the prime factors of x.
2, 7
Suppose 0 = -2*l - 10, 0 = -5*x - 5*l - 100 + 310. List the prime factors of x.
47
Suppose j - 17088 = -4*t - 3*j, -4*j + 4257 = t. List the prime factors of t.
7, 13, 47
What are the prime factors of (25374/21 - 2) + 42/(-147)?
2, 3, 67
Let l(i) be the second derivative of -2*i**3/3 - 9*i**2/2 - 7*i. Suppose 48 = -4*h + 3*w, 26 = -3*h + 5*w - 21. List the prime factors of l(h).
3
Let z = -8 - -23. Suppose 0*m - 3*m = -z, m = -5*t + 20. Suppose -j = -3*r + 4*r - 49, -57 = -r - t*j. What are the prime factors of r?
3, 5
List the prime factors of ((-2520)/54)/((-6)/135).
2, 3, 5, 7
Let r be 410/18 - 10/(-45). Suppose -7 = -5*l + r. List the prime factors of (-1)/l + (-2202)/(-36).
61
Suppose -w - k = -137 - 59, 5*k + 202 = w. What are the prime factors of w?
197
Suppose 4*c + 9 = -4*v + 33, 6 = 5*v - 3*c. Suppose 0*x + 10 = 4*j - 2*x, v*j - 4*x - 5 = 0. List the prime factors of j.
3
Let d(s) = -168*s**2 + 1. Let y be d(1). Let a = 242 + y. What are the prime factors of a?
3, 5
Let u = -67 + 74. Suppose -2*t = u*t - 243. List the prime factors of t.
3
Suppose -165 = 2*m - 773. What are the prime factors of m?
2, 19
What are the prime factors of 61 + (2 - (-6 - -11))?
2, 29
Suppose -2212 = 2*i - 9*i. Let c = -147 + i. List the prime factors of c.
13
Let u be (1 + 0)/((-1)/(-13)). Suppose -n - 1 = -u. List the prime factors of n.
2, 3
Suppose 3*u - m - 15 = 0, u - 5*m - 19 = -0*m. Suppose u*g = 132 + 156. List the prime factors of g.
2, 3
Let s(l) = l**2 + 3*l - 2. Let b be s(-5). Let j(i) = i**2 + 4*i + 4. What are the prime factors of j(b)?
2, 5
Let y = -798 - -2135. What are the prime factors of y?
7, 191
Suppose -3 = -3*g + 3, 5*v = g - 827. Let o = v - -104. Let m = o + 91. What are the prime factors of m?
2, 3, 5
What are the prime factors of ((-216)/(-162))/(2*(-2)/(-7698))?
2, 1283
Let z(j) = 3*j**2 + 15*j + 78. List the prime factors of z(10).
2, 3, 11
Let g = -2141 - -5920. What are the prime factors of g?
3779
Suppose 32*d = 35*d - 3255. List the prime factors of d.
5, 7, 31
Let s = -78 + 170. Let k = s + 43. What are the prime factors of k?
3, 5
Let h = -87 + 147. Let s = 12 + h. List the prime factors of s.
2, 3
Suppose -2*p = 763 - 2273. List the prime factors of p.
5, 151
Let f(x) = -386*x - 314. List the prime factors of f(-2).
2, 229
Suppose w = 4 - 5. Let g = -5 + 26. Let t = g - w. List the prime factors of t.
2, 11
What are the prime factors of 2354/5 - (36/20 + -2)?
3, 157
Let l(o) = 4*o - 30. Let c be l(9). Suppose c*v + 15 - 225 = 0. What are the prime factors of v?
5, 7
Let h(d) = -d**2 + 18*d - 34. Let t be h(16). What are the prime factors of t + -94*(4 - 5)?
2, 23
Let t(j) = -j**3 - 22*j**2 - 27*j + 35. What are the prime factors of t(-22)?
17, 37
Let g = -22 - -25. Suppose 0 = 5*n + 3*t - 965, -377 = n - 3*n - 3*t. Suppose 3*b = -g*a + 132, b - n = -4*b + a. What are the prime factors of b?
2, 5
Let v be 209 - (-1)/(3 - 2). Suppose 2*g - 5*k - v = g, -2*g = 3*k - 381. What are the prime factors of g?
3, 5, 13
Suppose 6*d = 7*d - 6. Let k = -4 + d. Suppose -k*t = 2*t - 8. List the prime factors of t.
2
Let n be (-4)/6 - 720/(-27). Let r = n - -52. List the prime factors of r.
2, 3, 13
Suppose 4*z = -c + 365, -c - 2*z - 3*z = -365. Suppose -2 + 387 = 5*k - 2*l, 5*k - c = -2*l. What are the prime factors of k?
3, 5
Suppose 19 = -4*x - 3*z, 0 = -4*x - z + 5*z - 12. Let u(l) be the third derivative of l**5/30 + l**4/8 + 5*l**3/6 + 4*l**2. List the prime factors of u(x).
5
Let h(j) = 14*j**2 + 19*j - 175. List the prime factors of h(-14).
7, 47
Suppose -1 = -w + 2. Let g be 105/(-14)*(-62)/w. Suppose -5*h - 60 + g = 0. List the prime factors of h.
19
Let l(d) = -d**2 - 13*d - 5. Let j(k) = -k**3 - 3*k**2 + 3*k + 1. Let m be j(-4). Suppose m*u - 1 = 3*h + 2, 0 = 5*u + 15. What are the prime factors of l(h)?
37
Suppose 0 = 54*m - 82*m + 103348. What are the prime factors of m?
3691
Suppose 6*b = 541 + 131. Let o = -29 + b. What are the prime factors of o?
83
Suppose -4*p + 306 + 3278 = 5*m, -5*m - 2*p = -3592. List the prime factors of m.
2, 3, 5
Let v(x) = x**3 - 10*x**2 + x + 2. Let n be v(10). Let i = n + -12. Suppose 0 = d - 3*j + 2, i = -5*d + 2*j + 2*j + 34. What are the prime factors of d?
2, 5
Suppose 5*n + 3*b + 6 = -b, 3*b + 18 = 3*n. Suppose 3*v - n*v - 73 = 0. What are the prime factors of v?
73
What are the prime factors of ((-1548)/(-15))/((-5)/(800/(-12)))?
2, 43
Let s = 58 - -20. Suppose -2*q = -3*q + s. List the prime factors of q.
2, 3, 13
Let k(f) = 99*f - 399. List the prime factors of k(33).
2, 3, 239
Suppose -i = 4*n - 24963, -18708 = -29*n + 26*n + 4*i. What are the prime factors of n?
2, 3, 5, 13
Let w(q) be the second derivative of 5*q**3/2 + q**2 - q. What are the prime factors of w(6)?
2, 23
Suppose 0 = -13*f - 1059 + 29516. List the prime factors of f.
11, 199
Let q be (0 + -1)*-2*2. Let g be (-189)/(-14) + 6/4. Suppose q*w - 105 = g. What are the prime factors of w?
2, 3, 5
Let g(d) = -d**2 - 12*d - 12. Let i be g(-8). Let m be (-5)/2*i/(-25). What are the prime factors of (4*-3)/((-3)/m)?
2
Suppose -4 = -p - 2*k, 5*k - 2*k + 33 = 5*p. Let y be (-4)/p*(-183)/2. Suppose -4*i + y = 5*z - 5, 8 = i - 3*z. List the prime factors of i.
2, 7
Suppose -4*x = -3*r - 6, -4*r + 20 = 3*x + x. Suppose -4*a + 30 = 2*p, x*p - 39 = -a - 14. List the prime factors of p.
7
What are the prime factors of 6 + (-128)/20 + (-3452)/(-5)?
2, 3, 5, 23
Let o(w) = w - 3. Let y be o(6). Let q = y - 1. What are the prime factors of (-2 + 7)*(-1 + q)?
5
Suppose 4*p = 2*r + 32, -4*p + p = 5*r + 15. Let w be 149/(-2)*r/3. Suppose -52 = -2*h - 5*n, -w = -4*h + 4*n - 17. What are the prime factors of h?
31
Suppose 5*q = 24 + 1441. List the prime factors of q.
293
Let v be (-1 - (-4 + 0)) + 33. Let n be (2 + -3)*(0 + v). Let k = 85 + n. What are the prime factors of k?
7
Let v = -25 + 25. Suppose 45 = 4*n - 3*n + 2*a, 5*a + 20 = v. What are the prime factors of n?
53
Let i = 1503 - 474. List the prime factors of i.
3, 7
Let k(h) = 14*h**2 + 26*h - 158. List the prime factors of k(6).
2, 251
Suppose 0*c + 3*i = -4*c + 766, 0 = -2*c + 2*i + 376. What are the prime factors of c?
2, 5, 19
Suppose -36*b + 24*b + 16836 = 0. What are the prime factors of b?
23, 61
Let y = -5090 - -7200. What are the prime factors of y?
2, 5, 211
Suppose 893 = 5*b - 1692. Suppose -18*h = -b - 581. List the prime factors of h.
61
Let p(c) = 16*c - 12. Let o(l) = l + 1. Let j(x) = -8*o(x) - p(x). Let q be j(-3). Let i = q - 48. List the prime factors of i.
2, 7
Suppose 6*x - 19 + 25 = 0. What are the prime factors of 1*(x + 369/3)?
2, 61
List the prime factors of 423/33 + -13 + 15006/11.
2, 11, 31
Let d(x) = 11*x**2 - 92*x + 21. What are the prime factors of d(24)?
3, 461
Let m be (-2)/(-9) - 560/90. Let a be m/18 - (-8)/(-3). List the prime factors of -2*((-34)/4 - a).
11
Let z(h) = h**3 + h**2 - h. Let a(n) = -4*n**3 - 10*n**2 - 6. Let g(b) = a(b) + 5*z(b). Let j be g(6). Suppose -w + 6 = -j. What are the prime factors of w?
2, 3
Let k(r) = -r**3 + r**2 - 10*r + 6. List the prime factors of k(-7).
2, 3, 13
Let t be -1 + 3 - (5 + -2). Let k(d) = 148*d**2 - d - 2. Let l be k(t). Suppose 0 = -0*n + 2*n + 4*m - 60, 4*n = m + l. What are the prime factors of n?
2, 3
Suppose 0 = -3*z - 3. Let r(s) = 38*s**2 + s. What are the prime factors of r(z)?
37
Let v = -34 - -55. Let k = 35 - v. Suppose -2*x = r + 3*r - k, 2*x = 4*r + 54. What are the prime factors of x?
17
Suppose 1 - 7 = -2*l. Suppose 0*w + 114 = 4*w - l*j, 3*j = 2*w - 54. What are the prime factors of w?
2, 3, 5
Suppose 3*b + 5*z = 4689, -3*z = 5*b + 1272 - 9071. List the prime factors of b/8 + 4/16.
3, 5, 13
Let i = -414 - -2519. What are the prime factors of i?
5, 421
Suppose 213 = -2*s - 3*u + 2*u, 3*u = 2*s + 193. Let b = s + 181. What are the prime factors of b?
7, 11
Let t be (3 - 3) + (-242)/(-2). Suppose 5*u - b = 294, 2*b - t = -2*u - b. What are the prime factors of u?
59
Suppose -2*o - 26 = 2*x, 56 = 4*x - 3*o + 129. What are the prime factors of -16*4/x*14?
2, 7
Let v(p) = -15*p + 4. Let k be (2 + (-48)/15)*(-10)/(-4). What are the prime fac